{"id":525,"date":"2022-01-17T19:00:48","date_gmt":"2022-01-17T19:00:48","guid":{"rendered":"https:\/\/osteopata-lauriane.com\/?page_id=525"},"modified":"2023-10-03T14:45:33","modified_gmt":"2023-10-03T14:45:33","slug":"partnership","status":"publish","type":"page","link":"https:\/\/osteopata-lauriane.com\/?page_id=525","title":{"rendered":"\ud83c\udf40\ud83c\udf41\ud83c\udf3b\ud83c\udf3fMy Community"},"content":{"rendered":"\n<p>Vorrei condividere con voi delle Persone che ho conosciuto nel mio percorso di crescita.<br>Sono professionisti che mettono a vostra disposizione la loro conoscenza, l&#8217;empatia e una visione olistica per aiutarvi a stare meglio, ad avere pi\u00f9 consapevolezza di voi e quindi imparare a prendervi cura di voi\ud83c\udf31\ud83e\udebb<\/p>\n\n\n\n<p>Condivido con voi i loro profili e siti web.<\/p>\n\n\n\n<p>Buon percorso di crescita \ud83d\udc9c<\/p>\n\n\n\n<p><\/p>\n\n\n\n<p><\/p>\n\n\n\n<p><\/p>\n\n\n\n<p>I would like to share with you some People I have met in my own growth journey.<br>They are professionals who provide you with their knowledge, empathy and a holistic view to help you feel better, have more awareness of you and thus learn how to take care of you\ud83c\udf31\ud83e\udebb<\/p>\n\n\n\n<p>I share with you their profiles and websites.<\/p>\n\n\n\n<p>Happy growth journey \ud83d\udc9c<\/p>\n","protected":false},"excerpt":{"rendered":"<p>Vorrei condividere con voi delle Persone che ho conosciuto nel mio percorso di crescita.Sono professionisti che mettono a vostra disposizione la loro conoscenza, l&#8217;empatia e una visione olistica per aiutarvi a stare meglio, ad avere pi\u00f9 consapevolezza di voi e quindi imparare a prendervi cura di voi\ud83c\udf31\ud83e\udebb Condivido con voi i loro profili e siti&hellip; <a class=\"more-link\" href=\"https:\/\/osteopata-lauriane.com\/?page_id=525\">Continua a leggere <span class=\"screen-reader-text\">\ud83c\udf40\ud83c\udf41\ud83c\udf3b\ud83c\udf3fMy Community<\/span><\/a><\/p>\n","protected":false},"author":1,"featured_media":0,"parent":0,"menu_order":0,"comment_status":"closed","ping_status":"closed","template":"","meta":{"advanced_seo_description":"partnership","jetpack_seo_html_title":"","jetpack_seo_noindex":false,"footnotes":""},"class_list":["post-525","page","type-page","status-publish","hentry","entry"],"jetpack-related-posts":[{"id":88,"url":"https:\/\/osteopata-lauriane.com\/?page_id=88","url_meta":{"origin":525,"position":0},"title":"\ud83c\udf40\ud83c\udf41\ud83c\udf3b \ud83c\udf3f   Comunit\u00e0","author":"admin","date":"Settembre 4, 2021","format":false,"excerpt":"Vorrei condividere con voi delle Persone che ho conosciuto nel mio percorso di crescita.Sono professionisti che mettono a vostra disposizione la loro conoscenza, l'empatia e una visione olistica per aiutarvi a stare meglio, ad avere pi\u00f9 consapevolezza di voi e quindi imparare a prendervi cura di voi\ud83c\udf31\ud83e\udebb Condivido con voi\u2026","rel":"","context":"Articolo simile","block_context":{"text":"Articolo simile","link":""},"img":{"alt_text":"","src":"","width":0,"height":0},"classes":[]},{"id":753,"url":"https:\/\/osteopata-lauriane.com\/?page_id=753","url_meta":{"origin":525,"position":1},"title":"Venerd\u00ec con Osteo &amp; Psy","author":"admin","date":"Agosto 27, 2023","format":false,"excerpt":"Vi presento Osteo-Psy un nuovo spazio dedicato a voi \ud83e\udef6\ud83c\udffc\ud83e\udeb7 Durante la seduta di osteopatia, una psicoterapeuta vi Ascolter\u00e0 e vi Guider\u00e0 verso il rilascio di tensioni che impediscono al vostro corpo di stare meglio. Nel frattempo mi prender\u00f2 cura di voi con un approccio dolce e delicato. Si agir\u00e0\u2026","rel":"","context":"Articolo simile","block_context":{"text":"Articolo simile","link":""},"img":{"alt_text":"","src":"https:\/\/i0.wp.com\/osteopata-lauriane.com\/wp-content\/uploads\/2023\/08\/Osteo-Psy.jpg?resize=350%2C200&ssl=1","width":350,"height":200,"srcset":"https:\/\/i0.wp.com\/osteopata-lauriane.com\/wp-content\/uploads\/2023\/08\/Osteo-Psy.jpg?resize=350%2C200&ssl=1 1x, https:\/\/i0.wp.com\/osteopata-lauriane.com\/wp-content\/uploads\/2023\/08\/Osteo-Psy.jpg?resize=525%2C300&ssl=1 1.5x, https:\/\/i0.wp.com\/osteopata-lauriane.com\/wp-content\/uploads\/2023\/08\/Osteo-Psy.jpg?resize=700%2C400&ssl=1 2x"},"classes":[]},{"id":1070,"url":"https:\/\/osteopata-lauriane.com\/?page_id=1070","url_meta":{"origin":525,"position":2},"title":"Consigli Utili","author":"admin","date":"Marzo 6, 2026","format":false,"excerpt":"Consigli Osteopatici per la vita quotidiana: Autotrattamento e Prevenzione a costo zeroScopri come prenderti cura del tuo corpo ogni giorno, senza spendere nulla. In questa sezione, condivido tecniche di autotrattamento osteopatico, ispirate anche ai principi della polivagal therapy e della bioenergetica, per aiutarti a prevenire dolori, migliorare la postura e\u2026","rel":"","context":"Articolo simile","block_context":{"text":"Articolo simile","link":""},"img":{"alt_text":"","src":"https:\/\/i0.wp.com\/osteopata-lauriane.com\/wp-content\/uploads\/2026\/03\/WhatsApp-Image-2026-03-06-at-10.39.47.jpeg?resize=350%2C200&ssl=1","width":350,"height":200},"classes":[]},{"id":271,"url":"https:\/\/osteopata-lauriane.com\/?page_id=271","url_meta":{"origin":525,"position":3},"title":"Cosa aspettarsi dalla prima visita?","author":"admin","date":"Novembre 1, 2021","format":false,"excerpt":"La Prima Visita Osteopatica: Ascolto, Valutazione e Trattamento Personalizzato La prima visita osteopatica \u00e8 un momento di ascolto attivo da parte dell\u2019operatore. Durante questa fase, la persona viene lasciata libera di esprimersi, portando con s\u00e9 un bagaglio di vita ricco di esperienze, sia dal punto di vista fisico che emotivo.\u2026","rel":"","context":"Articolo simile","block_context":{"text":"Articolo simile","link":""},"img":{"alt_text":"","src":"https:\/\/i0.wp.com\/osteopata-lauriane.com\/wp-content\/uploads\/2021\/11\/Racundra-scaled.jpg?resize=350%2C200&ssl=1","width":350,"height":200,"srcset":"https:\/\/i0.wp.com\/osteopata-lauriane.com\/wp-content\/uploads\/2021\/11\/Racundra-scaled.jpg?resize=350%2C200&ssl=1 1x, https:\/\/i0.wp.com\/osteopata-lauriane.com\/wp-content\/uploads\/2021\/11\/Racundra-scaled.jpg?resize=525%2C300&ssl=1 1.5x, https:\/\/i0.wp.com\/osteopata-lauriane.com\/wp-content\/uploads\/2021\/11\/Racundra-scaled.jpg?resize=700%2C400&ssl=1 2x, https:\/\/i0.wp.com\/osteopata-lauriane.com\/wp-content\/uploads\/2021\/11\/Racundra-scaled.jpg?resize=1050%2C600&ssl=1 3x, https:\/\/i0.wp.com\/osteopata-lauriane.com\/wp-content\/uploads\/2021\/11\/Racundra-scaled.jpg?resize=1400%2C800&ssl=1 4x"},"classes":[]},{"id":161,"url":"https:\/\/osteopata-lauriane.com\/?page_id=161","url_meta":{"origin":525,"position":4},"title":"Effetti secondari di un trattamento osteopatico","author":"admin","date":"Settembre 5, 2021","format":false,"excerpt":"L\u2019osteopatia: un approccio olistico per tutte le et\u00e0 L\u2019osteopatia \u00e8 una medicina alternativa adatta a ogni fascia d\u2019et\u00e0. La sua caratteristica fondamentale non \u00e8 quella di concentrarsi esclusivamente sul sintomo, ma di indagare e trattare la causa originaria del dolore. Durante il trattamento, il corpo del paziente viene stimolato attentamente\u2026","rel":"","context":"Articolo simile","block_context":{"text":"Articolo simile","link":""},"img":{"alt_text":"","src":"","width":0,"height":0},"classes":[]},{"id":268,"url":"https:\/\/osteopata-lauriane.com\/?page_id=268","url_meta":{"origin":525,"position":5},"title":"Perch\u00e9 andare dall\u2019osteopata?","author":"admin","date":"Novembre 1, 2021","format":false,"excerpt":"L\u2019osteopata: un collegamento olistico per la salute L\u2019osteopata non agisce in isolamento, ma unisce i punti di un disegno pi\u00f9 grande: quello del benessere globale della persona. Non si sostituisce ad altre professioni \u2014 mediche, terapeutiche o alternative (come l\u2019ayurveda) \u2014 le potenzia, creando una sinergia che va oltre il\u2026","rel":"","context":"Articolo simile","block_context":{"text":"Articolo simile","link":""},"img":{"alt_text":"","src":"","width":0,"height":0},"classes":[]}],"jetpack_sharing_enabled":true,"_links":{"self":[{"href":"https:\/\/osteopata-lauriane.com\/index.php?rest_route=\/wp\/v2\/pages\/525","targetHints":{"allow":["GET"]}}],"collection":[{"href":"https:\/\/osteopata-lauriane.com\/index.php?rest_route=\/wp\/v2\/pages"}],"about":[{"href":"https:\/\/osteopata-lauriane.com\/index.php?rest_route=\/wp\/v2\/types\/page"}],"author":[{"embeddable":true,"href":"https:\/\/osteopata-lauriane.com\/index.php?rest_route=\/wp\/v2\/users\/1"}],"replies":[{"embeddable":true,"href":"https:\/\/osteopata-lauriane.com\/index.php?rest_route=%2Fwp%2Fv2%2Fcomments&post=525"}],"version-history":[{"count":5,"href":"https:\/\/osteopata-lauriane.com\/index.php?rest_route=\/wp\/v2\/pages\/525\/revisions"}],"predecessor-version":[{"id":816,"href":"https:\/\/osteopata-lauriane.com\/index.php?rest_route=\/wp\/v2\/pages\/525\/revisions\/816"}],"wp:attachment":[{"href":"https:\/\/osteopata-lauriane.com\/index.php?rest_route=%2Fwp%2Fv2%2Fmedia&parent=525"}],"curies":[{"name":"wp","href":"https:\/\/api.w.org\/{rel}","templated":true}]}}