{"id":265,"date":"2021-11-01T16:01:54","date_gmt":"2021-11-01T16:01:54","guid":{"rendered":"https:\/\/osteopata-lauriane.com\/?page_id=265"},"modified":"2026-03-08T18:10:30","modified_gmt":"2026-03-08T18:10:30","slug":"a-chi-e-diretto-losteopatia","status":"publish","type":"page","link":"https:\/\/osteopata-lauriane.com\/?page_id=265","title":{"rendered":"Chi pu\u00f2 recarsi dall&#8217; osteopata?"},"content":{"rendered":"\n<h3 class=\"wp-block-heading\"><strong>L\u2019osteopatia per tutti: un approccio olistico alla salute<\/strong><\/h3>\n\n\n\n<p>L\u2019osteopatia \u00e8 rivolta <strong>a tutte le persone<\/strong>, indipendentemente dall\u2019et\u00e0 o dalla condizione fisica:<\/p>\n\n\n\n<ul class=\"wp-block-list\">\n<li>Donne in gravidanza,<\/li>\n\n\n\n<li>Neonati,<\/li>\n\n\n\n<li>Sportivi,<\/li>\n\n\n\n<li>Persone anziane,<\/li>\n\n\n\n<li>Pazienti oncologici,<\/li>\n\n\n\n<li>Persone con disturbi neurologici.<\/li>\n<\/ul>\n\n\n\n<p><strong>Perch\u00e9?<\/strong><br>Perch\u00e9 l\u2019osteopata non si occupa della <em>malattia<\/em>, ma <strong>sostiene la salute<\/strong>: la sua missione \u00e8 <strong>potenziare la parte sana<\/strong> dell\u2019individuo, aiutando il corpo a ritrovare il proprio equilibrio naturale.<br>La gestione della parte malata, invece, \u00e8 affidata a <strong>medici e specialisti<\/strong>, che intervengono con terapie farmacologiche o trattamenti specifici.<\/p>\n\n\n\n<p>In altre parole, l\u2019osteopatia <strong>non sostituisce la medicina tradizionale<\/strong>, ma la <strong>completa<\/strong>, lavorando in sinergia per promuovere il benessere globale della persona.<\/p>\n\n\n\n<p class=\"has-text-align-center\">\ud83c\udf38\ud83c\udf3f\ud83c\udf38<\/p>\n\n\n\n<h3 class=\"wp-block-heading\"><strong>Osteopathy for Everyone: A Holistic Approach to Health<\/strong><\/h3>\n\n\n\n<p>Osteopathy is suitable <strong>for all individuals<\/strong>, regardless of age or physical condition:<\/p>\n\n\n\n<ul class=\"wp-block-list\">\n<li>Pregnant women,<\/li>\n\n\n\n<li>Newborns,<\/li>\n\n\n\n<li>Athletes,<\/li>\n\n\n\n<li>Elderly individuals,<\/li>\n\n\n\n<li>Oncology patients,<\/li>\n\n\n\n<li>People with neurological disorders.<\/li>\n<\/ul>\n\n\n\n<p><strong>Why?<\/strong><br>Because the osteopath\u2019s role is not to treat <em>disease<\/em>, but to <strong>support health<\/strong>: their mission is to <strong>strengthen the healthy aspects<\/strong> of the individual, helping the body regain its natural balance.<br>The management of the diseased part, on the other hand, is entrusted to <strong>doctors and specialists<\/strong>, who intervene with pharmacological therapies or specific treatments.<\/p>\n\n\n\n<p>In other words, osteopathy <strong>does not replace traditional medicine<\/strong>, but <strong>complements it<\/strong>, working synergistically to promote the overall well-being of the person.<\/p>\n","protected":false},"excerpt":{"rendered":"<p>L\u2019osteopatia per tutti: un approccio olistico alla salute L\u2019osteopatia \u00e8 rivolta a tutte le persone, indipendentemente dall\u2019et\u00e0 o dalla condizione fisica: Perch\u00e9?Perch\u00e9 l\u2019osteopata non si occupa della malattia, ma sostiene la salute: la sua missione \u00e8 potenziare la parte sana dell\u2019individuo, aiutando il corpo a ritrovare il proprio equilibrio naturale.La gestione della parte malata, invece,&hellip; <a class=\"more-link\" href=\"https:\/\/osteopata-lauriane.com\/?page_id=265\">Continua a leggere <span class=\"screen-reader-text\">Chi pu\u00f2 recarsi dall&#8217; osteopata?<\/span><\/a><\/p>\n","protected":false},"author":1,"featured_media":0,"parent":0,"menu_order":0,"comment_status":"closed","ping_status":"closed","template":"","meta":{"advanced_seo_description":"","jetpack_seo_html_title":"","jetpack_seo_noindex":false,"footnotes":""},"class_list":["post-265","page","type-page","status-publish","hentry","entry"],"jetpack-related-posts":[{"id":142,"url":"https:\/\/osteopata-lauriane.com\/?page_id=142","url_meta":{"origin":265,"position":0},"title":"Osteopatia a 6 mani","author":"admin","date":"Settembre 5, 2021","format":false,"excerpt":"Dott.ssa Martina Bagnoli, Dott.ssa Valentina Giorgi, Dott.ssa Bettini Rebecca e Dott.ssa Lauriane Ferraroli Cosa succede quando l\u2019Osteopatia incontra\u00a0: un altro Osteopata ? Il trattamento osteopatico \u00e8 sempre eseguito da una singola persona e la collaborazione con altre figure \u00e8 fondamentale. Ma se l\u2019osteopata collaborasse con altri osteopati, durante lo stesso\u2026","rel":"","context":"Articolo simile","block_context":{"text":"Articolo simile","link":""},"img":{"alt_text":"","src":"https:\/\/i0.wp.com\/osteopata-lauriane.com\/wp-content\/uploads\/2022\/01\/io-e-marty-scaled.jpg?resize=350%2C200&ssl=1","width":350,"height":200,"srcset":"https:\/\/i0.wp.com\/osteopata-lauriane.com\/wp-content\/uploads\/2022\/01\/io-e-marty-scaled.jpg?resize=350%2C200&ssl=1 1x, https:\/\/i0.wp.com\/osteopata-lauriane.com\/wp-content\/uploads\/2022\/01\/io-e-marty-scaled.jpg?resize=525%2C300&ssl=1 1.5x, https:\/\/i0.wp.com\/osteopata-lauriane.com\/wp-content\/uploads\/2022\/01\/io-e-marty-scaled.jpg?resize=700%2C400&ssl=1 2x, https:\/\/i0.wp.com\/osteopata-lauriane.com\/wp-content\/uploads\/2022\/01\/io-e-marty-scaled.jpg?resize=1050%2C600&ssl=1 3x, https:\/\/i0.wp.com\/osteopata-lauriane.com\/wp-content\/uploads\/2022\/01\/io-e-marty-scaled.jpg?resize=1400%2C800&ssl=1 4x"},"classes":[]},{"id":6,"url":"https:\/\/osteopata-lauriane.com\/","url_meta":{"origin":265,"position":1},"title":"Hello!  \ud83c\udf3f","author":"admin","date":"Aprile 25, 2021","format":false,"excerpt":"Benvenuti a tutti sulla mia pagina Mi chiamo Lauriane (pronunciato Lorian) sono Osteopata per vocazione \ud83c\udf38 e sono una persona con un Alta Sensibilit\u00e0 (PAS \ud83c\udf43) Mi piace prendermi cura della Persona intesa come una unit\u00e0 funzionale da mantenere in equilibrio tra corpo-mente-spirito. Per farlo mi affido alla mia esperienza\u2026","rel":"","context":"Articolo simile","block_context":{"text":"Articolo simile","link":""},"img":{"alt_text":"","src":"https:\/\/i0.wp.com\/osteopata-lauriane.com\/wp-content\/uploads\/2023\/10\/Immagine-WhatsApp-2023-10-05-ore-07.31.48_882251fb.jpg?resize=350%2C200&ssl=1","width":350,"height":200,"srcset":"https:\/\/i0.wp.com\/osteopata-lauriane.com\/wp-content\/uploads\/2023\/10\/Immagine-WhatsApp-2023-10-05-ore-07.31.48_882251fb.jpg?resize=350%2C200&ssl=1 1x, https:\/\/i0.wp.com\/osteopata-lauriane.com\/wp-content\/uploads\/2023\/10\/Immagine-WhatsApp-2023-10-05-ore-07.31.48_882251fb.jpg?resize=525%2C300&ssl=1 1.5x, https:\/\/i0.wp.com\/osteopata-lauriane.com\/wp-content\/uploads\/2023\/10\/Immagine-WhatsApp-2023-10-05-ore-07.31.48_882251fb.jpg?resize=700%2C400&ssl=1 2x, https:\/\/i0.wp.com\/osteopata-lauriane.com\/wp-content\/uploads\/2023\/10\/Immagine-WhatsApp-2023-10-05-ore-07.31.48_882251fb.jpg?resize=1050%2C600&ssl=1 3x, https:\/\/i0.wp.com\/osteopata-lauriane.com\/wp-content\/uploads\/2023\/10\/Immagine-WhatsApp-2023-10-05-ore-07.31.48_882251fb.jpg?resize=1400%2C800&ssl=1 4x"},"classes":[]},{"id":91,"url":"https:\/\/osteopata-lauriane.com\/?page_id=91","url_meta":{"origin":265,"position":2},"title":"Biorisonanza","author":"admin","date":"Settembre 4, 2021","format":false,"excerpt":"Ing. Federica Servidei Cosa succede quando l\u2019Osteopata incontra\u00a0: la Biorisonanza ? Vorremmo portarvi a scoprire una nuova dinamica di lavoro, che ha l\u2019intenzione di fare PREVENZIONE, di SOSTENERE trattando l\u2019individuo nella sua interezza, con due strumenti sinergiche che agiscono sul benessere della persona a 360\u00b0. L\u2019osteopatia sblocca i canali, attraverso\u2026","rel":"","context":"Articolo simile","block_context":{"text":"Articolo simile","link":""},"img":{"alt_text":"","src":"https:\/\/i0.wp.com\/osteopata-lauriane.com\/wp-content\/uploads\/2021\/09\/Fede-Servidei.jpg?resize=350%2C200&ssl=1","width":350,"height":200},"classes":[]},{"id":268,"url":"https:\/\/osteopata-lauriane.com\/?page_id=268","url_meta":{"origin":265,"position":3},"title":"Perch\u00e9 andare dall\u2019osteopata?","author":"admin","date":"Novembre 1, 2021","format":false,"excerpt":"L\u2019osteopata: un collegamento olistico per la salute L\u2019osteopata non agisce in isolamento, ma unisce i punti di un disegno pi\u00f9 grande: quello del benessere globale della persona. Non si sostituisce ad altre professioni \u2014 mediche, terapeutiche o alternative (come l\u2019ayurveda) \u2014 le potenzia, creando una sinergia che va oltre il\u2026","rel":"","context":"Articolo simile","block_context":{"text":"Articolo simile","link":""},"img":{"alt_text":"","src":"","width":0,"height":0},"classes":[]},{"id":401,"url":"https:\/\/osteopata-lauriane.com\/?page_id=401","url_meta":{"origin":265,"position":4},"title":"Osteopatia Biodinamica\ud83c\udf0a","author":"admin","date":"Novembre 7, 2021","format":false,"excerpt":"approccio cranio - sacrale L\u2019Osteopatia Biodinamica: Un Approccio Olistico all\u2019Autoguarigione Soft Touch L\u2019osteopatia biodinamica \u00e8 un approccio terapeutico ancora poco conosciuto all\u2019interno della comunit\u00e0 osteopatica. Mentre l\u2019osteopatia tradizionale si concentra principalmente sull\u2019anatomia e sulla struttura fisica dell\u2019essere umano, l\u2019osteopatia biodinamica si dedica a collaborare con la salute intrinseca del paziente,\u2026","rel":"","context":"Articolo simile","block_context":{"text":"Articolo simile","link":""},"img":{"alt_text":"","src":"https:\/\/i0.wp.com\/osteopata-lauriane.com\/wp-content\/uploads\/2021\/11\/Hannah.jpg?resize=350%2C200&ssl=1","width":350,"height":200,"srcset":"https:\/\/i0.wp.com\/osteopata-lauriane.com\/wp-content\/uploads\/2021\/11\/Hannah.jpg?resize=350%2C200&ssl=1 1x, https:\/\/i0.wp.com\/osteopata-lauriane.com\/wp-content\/uploads\/2021\/11\/Hannah.jpg?resize=525%2C300&ssl=1 1.5x"},"classes":[]},{"id":1245,"url":"https:\/\/osteopata-lauriane.com\/?page_id=1245","url_meta":{"origin":265,"position":5},"title":"Osteopate\u2763\ufe0f","author":"admin","date":"Marzo 13, 2026","format":false,"excerpt":"Valentina Giorgi \u00e8 un osteopata presente sul territorio di Melegnano, e dal 2022 lavoriamo a stretto contatto un Gioved\u00ec al mese, nel mio studio a Basiglio\/Mi3 per trattamenti a 4 mani, per approfondire \ud83c\udf43 Valentina \u00e8 una cara amica che ho conosciuto durante la sua pi\u00f9 grande passione: il cavallo;\u2026","rel":"","context":"Articolo simile","block_context":{"text":"Articolo simile","link":""},"img":{"alt_text":"","src":"https:\/\/i0.wp.com\/osteopata-lauriane.com\/wp-content\/uploads\/2026\/03\/Di-Tonno.jpeg?resize=350%2C200&ssl=1","width":350,"height":200,"srcset":"https:\/\/i0.wp.com\/osteopata-lauriane.com\/wp-content\/uploads\/2026\/03\/Di-Tonno.jpeg?resize=350%2C200&ssl=1 1x, https:\/\/i0.wp.com\/osteopata-lauriane.com\/wp-content\/uploads\/2026\/03\/Di-Tonno.jpeg?resize=525%2C300&ssl=1 1.5x, https:\/\/i0.wp.com\/osteopata-lauriane.com\/wp-content\/uploads\/2026\/03\/Di-Tonno.jpeg?resize=700%2C400&ssl=1 2x"},"classes":[]}],"jetpack_sharing_enabled":true,"_links":{"self":[{"href":"https:\/\/osteopata-lauriane.com\/index.php?rest_route=\/wp\/v2\/pages\/265","targetHints":{"allow":["GET"]}}],"collection":[{"href":"https:\/\/osteopata-lauriane.com\/index.php?rest_route=\/wp\/v2\/pages"}],"about":[{"href":"https:\/\/osteopata-lauriane.com\/index.php?rest_route=\/wp\/v2\/types\/page"}],"author":[{"embeddable":true,"href":"https:\/\/osteopata-lauriane.com\/index.php?rest_route=\/wp\/v2\/users\/1"}],"replies":[{"embeddable":true,"href":"https:\/\/osteopata-lauriane.com\/index.php?rest_route=%2Fwp%2Fv2%2Fcomments&post=265"}],"version-history":[{"count":8,"href":"https:\/\/osteopata-lauriane.com\/index.php?rest_route=\/wp\/v2\/pages\/265\/revisions"}],"predecessor-version":[{"id":1170,"href":"https:\/\/osteopata-lauriane.com\/index.php?rest_route=\/wp\/v2\/pages\/265\/revisions\/1170"}],"wp:attachment":[{"href":"https:\/\/osteopata-lauriane.com\/index.php?rest_route=%2Fwp%2Fv2%2Fmedia&parent=265"}],"curies":[{"name":"wp","href":"https:\/\/api.w.org\/{rel}","templated":true}]}}